 26?
29
Suppose -3*l = -l - 8. Suppose l*w = -w + 5*z + 285, -2*z + 285 = 5*w. What are the prime factors of w?
3, 19
Let z be (-9)/6 + (-46)/(-4). Let g(y) = 4*y. Let j be g(-2). What are the prime factors of (z/8)/((-2)/j)?
5
Let h(v) be the second derivative of 0 + 5/2*v**2 + 5*v + 1/12*v**4 + 1/2*v**3. What are the prime factors of h(-4)?
3
Let s(i) = 4*i + 5. Suppose 0*k = p + 4*k - 15, -10 = -5*k. Let o be s(p). Suppose 5*j = 2*j + o. What are the prime factors of j?
11
Let n = -461 + 4087. What are the prime factors of n?
2, 7, 37
Suppose d = -2*d - 3*j + 1458, -4*j = -2*d + 972. What are the prime factors of d?
2, 3
Let c = 1082 - 448. What are the prime factors of c?
2, 317
Let d(k) = k**2 - 4*k - 1. Let z be d(4). Let r = 2 - z. Suppose 0 = -n + g + 22, 2*n - r*g = 13 + 36. List the prime factors of n.
17
Let j = 4792 + -2953. List the prime factors of j.
3, 613
Suppose -5*j + 3*f + 0*f = -411, 2*f = 5*j - 414. Suppose -j = -6*v + 4*v. What are the prime factors of v?
2, 3, 7
Let m = 0 - -2. Let p = m + 0. Suppose -5*b - 3*v = -70, v - 42 = -5*b + p*b. What are the prime factors of b?
2, 7
Let p(j) = 125*j + 433. List the prime factors of p(11).
2, 113
Let f = 6 + -12. Let p = f - -10. Suppose -2*k + p*k - 39 = 5*b, -22 = -k + 2*b. What are the prime factors of k?
2
Suppose 2*q + 10 = 5*l + 59, -q = -2*l - 23. Let d(p) = 5*p - 53. What are the prime factors of d(q)?
2
Let z(w) = 20*w**2 + 4*w + 3. Let f(s) = s**3 - 15*s**2 - 15*s - 18. Let y be f(16). List the prime factors of z(y).
3, 5
Let r = 111 + 1681. What are the prime factors of r?
2, 7
Let i = -479 - -1252. What are the prime factors of i?
773
Let d(k) = 4*k**3 - 2*k**2 + k**2 - 2*k + 0*k. Suppose 0 = 2*u + 4*g - 4, 3*u + 8 = 7*u + g. List the prime factors of d(u).
2, 3
Let t(o) = o**2 - 11*o + 13. Let g be t(9). Let p(j) = -3 + 0*j**2 - 5*j**2 - 2*j + 0 - j**3. What are the prime factors of p(g)?
7
Suppose -2*t = 3*l + 239, 3*l + 235 = -0*t + 2*t. Suppose 2*j + 2*g - 240 = 0, 0*j - 3*j + 5*g + 376 = 0. Let y = l + j. List the prime factors of y.
43
Let c = 1168 - 644. What are the prime factors of c?
2, 131
Let o(k) = 3*k**2 - 15*k + 12. What are the prime factors of o(19)?
2, 3, 5
Let f be -1*4/4*-2. Let w be 260/(-5)*3/f. Let t = w - -114. What are the prime factors of t?
2, 3
Suppose 10*y - 1524 = 1916. What are the prime factors of y?
2, 43
Suppose 4*n + 0 + 3 = -u, 5*u = 3*n + 100. Let k = 123 - u. List the prime factors of k.
2, 53
Let f(s) = 8*s**2 + 9*s - 13. List the prime factors of f(-9).
2, 277
Let b = -314 - -502. Suppose b = 13*l - 11*l. What are the prime factors of l?
2, 47
Let o(l) = l**2 - 2*l - 3. Let h be o(-2). Let i(j) = -h*j + 9*j + 13 - 7*j. What are the prime factors of i(-6)?
31
Let s be 4/34 + (-385946)/(-187). Suppose 6*x + s = 2*x. List the prime factors of (x/(-18))/((-6)/(-9)).
43
Suppose 2*u + 0*u = 2*r + 1336, 2004 = 3*u + r. What are the prime factors of u?
2, 167
Let f = -10 + 25. Let c = 55 + f. What are the prime factors of c?
2, 5, 7
Let n be 108/(-63) + (-4)/14. List the prime factors of (-285)/(-171)*1/(n/(-30)).
5
Let z be -1 + 2/3 - 2688/9. Let s = -185 - z. What are the prime factors of s?
2, 3, 19
Suppose 0 = n + 3 - 12. Suppose -n*l + 57 = -6*l. Suppose 3*h + j = 195, -240 - l = -4*h - j. What are the prime factors of h?
2
Let v(a) = -2*a**2 + 34*a - 76. What are the prime factors of v(12)?
2, 11
Suppose y + 1 = 2. List the prime factors of (4 - y) + -3 + 76.
2, 19
Suppose 12*a - 15*a = -1065. Suppose 2*q - 2*r - 375 = -3*q, 0 = -5*q - 2*r + a. List the prime factors of q.
73
Let p be 12/(-48) - (-14)/16*-34. Let s = p + 102. What are the prime factors of s?
2, 3
Let b = -717 + 803. What are the prime factors of b?
2, 43
Let z(q) = -q**3 - 12*q**2 + 34*q - 29. List the prime factors of z(-16).
11, 41
Let o = -857 + 1490. What are the prime factors of o?
3, 211
Suppose -26*l + 3276 = -12532. List the prime factors of l.
2, 19
Suppose 3*s = 3*o + 147, -s + 0*s = 4*o + 191. Let p = -54 + -33. Let x = o - p. List the prime factors of x.
3, 13
What are the prime factors of (-483943)/(-115) - (-2)/(-10)?
2, 263
Suppose -3*n = 2*j - 200, 2*j + 0*n = 2*n + 180. What are the prime factors of j?
2, 47
Let d be -1 + (-68)/(-51)*1*3. Suppose -12 = -2*g + 5*w + 18, -w + 11 = d*g. List the prime factors of g.
5
Let l(s) = -s + 10*s - 9 - 6*s. What are the prime factors of l(11)?
2, 3
Let p(m) = m - m**2 + 2*m**2 + 3*m - 6*m + 293*m**3. What are the prime factors of p(1)?
2, 73
Let x(f) = 9*f + 502. List the prime factors of x(9).
11, 53
Let q(w) = 225*w + 1. Let o be q(3). Let l = -444 + o. Suppose -2*u + p + 169 = u, 3*p = 4*u - l. List the prime factors of u.
5, 11
Suppose -13788 = -18*f - 0*f. List the prime factors of f.
2, 383
Let j be ((-3)/2)/(3/18). Let r be 0/((-3)/(j/6)). Suppose -3*v - 5*x + 50 = r, -v - 5*x + 15 = -15. List the prime factors of v.
2, 5
Let z = 20 + -7. Suppose -z = w - 59. What are the prime factors of w?
2, 23
Suppose 0 = -50*f + 26*f + 57864. List the prime factors of f.
2411
Let o be (120/(-14))/(6/(-42)). Suppose -2*i = i + o. Let v = 13 - i. List the prime factors of v.
3, 11
Suppose -2*n + 11*n = 45. Suppose 595 = 4*u - 3*j, -j + 0*j = -n*u + 741. List the prime factors of u.
2, 37
Let q = -41 - -61. Let h be 4*1*10/q. Suppose 2*r = -r + y + 2, 5*r - 18 = -h*y. What are the prime factors of r?
2
Let a = 101 - 56. Suppose -5*x - 5 + a = 0. Let s(p) = 4*p. What are the prime factors of s(x)?
2
Let m = -8 - -4. List the prime factors of 933/6 + 2/m - 1.
2, 7, 11
Let y = 56 + -51. Suppose 54 = g - n, -2*n - 15 = -y*n. List the prime factors of g.
59
Let d = -699 - -1200. What are the prime factors of d?
3, 167
Let f(y) = -37*y - 10. What are the prime factors of f(-13)?
3, 157
Let i = -213 + 392. List the prime factors of i.
179
Let r(n) = -3*n - 6. Let h(p) = p. Let d be h(-5). List the prime factors of r(d).
3
Let w(j) = -j - 10. Let p(x) = -2*x - 10. Let c(m) = 2*p(m) - 3*w(m). Let b be c(11). What are the prime factors of 64/8*(-1)/b?
2
List the prime factors of (-12)/42 + (-5)/((-175)/21990).
2, 157
Let i(r) = 9*r + 20. Let n(q) = -9*q - 18. Let z(t) = -4*i(t) - 5*n(t). Let c(k) = -k**2 + 8*k - 2. Let o be c(7). What are the prime factors of z(o)?
5, 11
Let c(h) = -6*h**3 - 10*h**2 - 19*h - 26. What are the prime factors of c(-6)?
2
Suppose 4*x - 98 = -2*m, -2*x + 4*m = 3*m - 59. List the prime factors of x.
3
Suppose 13 = 5*q - 12. List the prime factors of -1 + q + 0/4.
2
Let l = 69 + 32. Suppose -2*f = -189 - l. List the prime factors of f.
5, 29
Suppose -5*d + r = -1550, 6*d - 1530 = d + 5*r. Suppose 35*l - 36*l + d = 0. What are the prime factors of l?
311
Let q(v) be the third derivative of -13*v**4/8 + 65*v**3/2 + 8*v**2. Let x(u) = 3*u - 15. Let f(k) = -2*q(k) - 27*x(k). What are the prime factors of f(-11)?
2, 3
Suppose 9*f + 6 = 12*f. List the prime factors of f/((-4)/(-684)*2).
3, 19
Suppose 184*q - 181*q = 3684. What are the prime factors of q?
2, 307
Suppose -4*n + 3*n + 2 = 0. Let k = 73 + -69. Suppose n*z = k*g - 19 - 15, 4*z - 2 = -2*g. What are the prime factors of g?
7
Suppose -2*l + 6*l + 3*i = 722, 0 = -3*l - i + 539. What are the prime factors of l?
179
Suppose -10 = -2*z, 0 = 4*p - 6*p + 2*z + 1140. What are the prime factors of p?
5, 23
Suppose 0 = 13*g - 7*g - 1338. Suppose g = 6*o - 113. List the prime factors of o.
2, 7
Suppose -4*g + 71 = -5*x - 12, -4*x + 101 = 3*g. Suppose -5*m + 3*k - 10 = 0, 2*m + 4*k = -k + g. Let z = 45 + m. List the prime factors of z.
2, 23
Let g = 3 + 9. Suppose 2*t - g = -l + 2, -t + 9 = l. Suppose 0 = 5*x - 2*z - 136, -4*z + t = x - 31. List the prime factors of x.
2, 7
Let s(p) = p**3 + 10*p**2 + 2*p - 5. Let m be s(-10). Let z = -23 - m. Suppose -z*j - 240 = -7*j. List the prime factors of j.
2, 3
Let z(o) = 2*o**3 + 59*o**2 - 21*o + 46. List the prime factors of z(-27).
2, 2129
Let b(n) = n**2 + 4*n - 4. Let q be b(-5). Let h be ((-13)/(-39))/(-1 - 129/(-126)). Let p = q + h. List the prime factors of p.
3, 5
Let a = -11 + 13. Let q be (a + 2 + -4)*-1. Suppose d + 42 = 3*d + 4*u, q = -4*d + u + 39. List the prime factors of d.
11
Let l = 16 + -16. Let p(v) = l*v + v + 2 + v - 5. List the prime factors of p(9).
3, 5
Suppose 0 = -5*t - 10, -2*h - 